actor of 55 and d?
11
Suppose 6*u + 3*z - 68 = 2*u, 2*z + 6 = u. Suppose -130 = -m + 24. Calculate the highest common divisor of u and m.
14
Let o be (-36)/(-5)*(-40)/(-12). What is the highest common factor of 132 and o?
12
Let p(w) = w + 6. Let m be p(-6). Suppose 0 = -3*h + 9, -s + 16 = 5*h - m*h. Let o be -2*(-2 + s) - -1. Calculate the greatest common divisor of o and 15.
3
Let l(s) = s**3 + 23*s**2 - 5*s. Let d be l(-23). Calculate the highest common factor of d and 23.
23
Let r(v) = -27*v - 21. Let n be r(-7). What is the highest common factor of n and 21?
21
Suppose -7*r - 23 = -8*r. What is the greatest common factor of 207 and r?
23
Let l = 103 + 145. Suppose 5*m = 72 + 83. What is the highest common divisor of m and l?
31
Let j be (-1)/(-1 - (-18)/21). Suppose 2*u = j*u - 15. Calculate the highest common factor of 6 and u.
3
Suppose -16 = -4*f + 8*f. Let m(z) = z**2 + 3*z + 1. Let r be m(f). Suppose r*o = 116 + 109. What is the greatest common divisor of o and 30?
15
Let u be (-28)/(-1) + 1/(-1). Let f be (14/8 + -3)*-20 + 2. Calculate the greatest common factor of u and f.
27
Let w(k) = k**2 + 8*k + 1. Suppose -x - 27 = 2*x. Let r be w(x). Calculate the highest common factor of 20 and r.
10
Let x = 32 + -4. What is the greatest common divisor of 140 and x?
28
Suppose 6 = -3*h + 33. Let r = -7 + 13. What is the greatest common factor of h and r?
3
Suppose 8*r + 6 = 10*r. Suppose -l + 28 = 5*o, 5 = l - 5*o - r. Calculate the highest common factor of l and 27.
9
Let b = 135 - 116. Calculate the highest common factor of b and 171.
19
Let j = 67 + -39. Let c be 3/1*j/12. Calculate the greatest common factor of 49 and c.
7
Let d be 3/(-5) - 74/10. Let g(n) = -n**3 - 8*n**2 - n - 5. Let v be g(d). Suppose -79 - 20 = -3*q. What is the greatest common factor of q and v?
3
Suppose -18 = 2*t - 5*t. Let l(d) = -27*d + 9. Let w(b) = b. Let a(v) = -l(v) - 15*w(v). Let k be a(t). Calculate the highest common factor of k and 9.
9
Let o(m) = 4*m + 12. Let d be o(10). Suppose -3*w + 10 = -2*n - 27, -5*w - 2*n = -67. What is the highest common divisor of w and d?
13
Let n = -73 - -97. What is the highest common divisor of 20 and n?
4
Suppose 5*a - 126 = -3*p, 3*a + 0*p = -2*p + 75. What is the highest common factor of 9 and a?
9
Let q be 4 + -5 + 3 - -24. Let o = 3 + 1. Suppose 0*i = -o*i + 52. Calculate the greatest common divisor of q and i.
13
Suppose 3 = 4*l - 3*d - 8, 4*l - 5*d - 13 = 0. Suppose -237 = -3*p - 2*y - y, 0 = -2*p + l*y + 142. Calculate the highest common factor of p and 15.
15
Suppose 10 = 4*v - 2*m, m + 15 = 4*v + 6. Suppose 0 = -0*k + v*k - 42. What is the highest common divisor of k and 63?
21
Let t be -1 + 2/2*-19. Let c = t + 119. Calculate the greatest common factor of 9 and c.
9
Let v(b) = -6*b - 18. Let o be v(-4). Calculate the greatest common divisor of 36 and o.
6
Let l be -1 + (3 - (-3 + -4)). Suppose 5*y - 2*y - 3 = 0. Calculate the highest common divisor of y and l.
1
Let n = 27 - -3. Let c = 48 + -38. What is the highest common factor of n and c?
10
Let l = -5 - -10. Let m(y) = -y**3 + 5*y**2 + 2*y + 3. Let p be m(l). Calculate the greatest common factor of 104 and p.
13
Let s(t) = 16*t + 1. Let d be s(-1). Let l = d + 23. Calculate the highest common factor of l and 8.
8
Let x(u) = -u**3 - 9*u**2 - 12*u + 14. Let v be x(-10). What is the greatest common factor of 26 and v?
26
Let a be 0 - (-3 - (-9)/3). Let q(x) = x**2 - x + 6. Let f be q(a). What is the highest common divisor of f and 12?
6
Let s be -3*(6204/(-9))/4. Calculate the greatest common factor of 47 and s.
47
Suppose -100 = -11*r + 593. Suppose -2*t - 2 = -20. What is the greatest common divisor of t and r?
9
Let q(j) be the second derivative of j**4/12 - j**2 - j. Suppose -5 = i - 2. Let n be q(i). What is the highest common factor of n and 28?
7
Let v = 17 - 16. Suppose -3*m - 61 = -5*p, p + 0 + v = 5*m. What is the highest common factor of 14 and p?
14
Let f be -2 - (3 - (4 - -3)). Suppose f*z + 2*z = 324. What is the highest common divisor of 9 and z?
9
Let j = 32 + -26. Calculate the greatest common divisor of j and 48.
6
Let u(d) = -3*d**2 - 2*d - 5. Let c be u(-4). Let g = -31 - c. What is the greatest common factor of 84 and g?
14
Let x(s) = -s**3 - 4*s**2 - 4*s - 1. Let f be x(-3). Let g = -16 + 32. What is the highest common divisor of f and g?
2
Let t be (-4)/(-1*(-2)/(-8)). Suppose -2*l + 144 = l. Suppose 3*i - l = i. What is the highest common factor of t and i?
8
Let h be ((-10)/(-4))/(5/10). Suppose -h*s + 22 = -13. What is the highest common divisor of 56 and s?
7
Suppose 0*h - 728 = -7*h. Calculate the greatest common factor of 26 and h.
26
Suppose 2*z = -f + 41, -f + 3*z + 48 = -18. What is the greatest common factor of f and 17?
17
Let m be 3 - (0/4)/(-2). Suppose -m*f + 345 = 2*f. What is the greatest common divisor of f and 23?
23
Let s be (1/4)/(3/60). Suppose 0*m + 50 = m. What is the highest common divisor of s and m?
5
Let l = -34 + 44. What is the highest common divisor of l and 40?
10
Suppose 0*z + 84 = 3*z. Let t(j) = -16*j**3 - 2*j**2 + 2*j - 1. Let m be t(1). Let k = m - -31. Calculate the highest common divisor of k and z.
14
Suppose 2*k - 30 = -2. Suppose k*d - 18*d = -20. Calculate the highest common factor of 15 and d.
5
Suppose -3*x - 2*b + 22 = 0, -x + 2*b + 12 = 5*b. Calculate the greatest common factor of x and 66.
6
Let n be 1 + (-9)/3 - -4. Suppose 3*r - 17 = -n. Let s(x) = x**3 - 2*x**2 - 4. Let j be s(3). What is the greatest common divisor of j and r?
5
Suppose -7*k = -4*k - 15. Suppose v = k*v - 352. Calculate the greatest common factor of v and 8.
8
Suppose -10 = -3*i - 2*i. Suppose -230 = -2*t + 2*o + 2*o, -i*t = 3*o - 251. Let g be (-62)/(-6) - 6/(-9). What is the highest common divisor of g and t?
11
Suppose -3*z - 80 = 3*o - 2*o, -2 = -2*o. Let a be z/(-1 - 3/(-6)). What is the greatest common factor of 36 and a?
18
Let o be ((-180)/21)/((-3)/21). What is the greatest common divisor of 40 and o?
20
Let g be 4/(-10) + 402/30. What is the greatest common divisor of 52 and g?
13
Let f(i) = -i**3 + 7*i**2 + 9*i + 1. Let o be f(8). Let w(z) = -z**3 - 5*z**2 + 7*z + 7. Let m be w(-6). Calculate the highest common factor of m and o.
1
Let g = 53 + -23. Calculate the greatest common divisor of g and 12.
6
Let v = -72 - -104. Let s be 1/(-5) + v/10. Suppose -s*j + 0*j = -33. What is the highest common divisor of 22 and j?
11
Suppose 9*h = 10*h - 31. Calculate the highest common divisor of 31 and h.
31
Let p = -115 + -2. Let x = p + 269. Let u(o) = o**2 + 19. Let a be u(0). What is the highest common factor of x and a?
19
Suppose 0 - 6 = -2*k. Suppose -b = -5*x - k*b + 470, b - 283 = -3*x. Let w = -3 - -19. What is the highest common divisor of x and w?
16
Let h(c) = -c**2 + 3*c - 2. Let k be h(8). Let y be 14/k - (-92)/6. Suppose -2*v = 1 - 7. What is the highest common divisor of v and y?
3
Let g(m) = -4*m - 22. Let l be g(-9). What is the highest common divisor of l and 7?
7
Let q be (-2)/(1 + 1)*98. Let r = -66 - q. Let m be (6 + 2)/((-2)/(-4)). Calculate the greatest common divisor of m and r.
16
Let h(a) = a**3 - a**2 - a + 34. Let u = -5 - -5. Let k be h(u). Suppose o = -n + 5 - 3, k = 2*o - 4*n. Calculate the highest common factor of 21 and o.
7
Suppose 46 = 7*t - 80. Calculate the greatest common divisor of 12 and t.
6
Let a = 2 + 13. Let x(f) = -f - 3. Let k be x(-6). Calculate the greatest common divisor of k and a.
3
Suppose 4*a = -2*s + 53 + 73, 3*a - 114 = 5*s. What is the highest common factor of a and 3?
3
Suppose -4*s + 7*s - 54 = 0. Let z = 180 + -99. Let l = s + z. What is the highest common divisor of l and 9?
9
Let t be (1 + -34)*(2 + -3). Calculate the greatest common divisor of 3 and t.
3
Let w be (112/(-20))/(2/(-5)). Let o be (4 - 10)/(2/(-7)). What is the highest common divisor of w and o?
7
Let q = 152 - 72. Let f = q + -17. Let a be 2/(-3) + (-65)/(-3). Calculate the greatest common divisor of f and a.
21
Suppose -4*l = 5*y - 570, -426 = l - 4*l - 3*y. Calculate the greatest common factor of l and 20.
20
Let b = 10 - 9. Calculate the highest common factor of 8 and b.
1
Let u(z) = -z**3 + 7*z**2 + 6*z + 1. Let s be u(7). Calculate the highest common divisor of s and 86.
43
Let t = 18 -